 digit of o(u)?
1
Suppose -2*y = -4*y + 4. What is the units digit of ((-4)/3 + y)*15?
0
Let d = 8 + -4. What is the units digit of d?
4
Suppose -4 = 4*x + 3*f, -2 + 4 = -3*x - 2*f. Suppose 0*p + 4*p - 5*l = 32, -4*p + 20 = -2*l. What is the units digit of p*x/6 - 0?
1
Let g be 6/(-4)*-1*2. Let b be (-5 + 8)*(-4)/g. What is the units digit of (4/(-2))/(8/b)?
1
What is the hundreds digit of (-6)/(-18) - 314/(-3)?
1
Suppose -13*k + 1192 + 225 = 0. What is the tens digit of k?
0
Let n = -11 - -7. What is the tens digit of (-81)/n - 3/12?
2
What is the tens digit of 1/4 + 1962/24 + -7?
7
Let g(l) = -4*l - 12. What is the units digit of g(-26)?
2
Let r(v) = v**3 + 31*v**2 - 36*v. What is the units digit of r(-32)?
8
Let m(g) = 9*g + 5. Let q be m(-3). Let a = 3 - q. What is the tens digit of a?
2
Let z = 0 - -2. Suppose -4 = -z*g - 0. What is the units digit of g?
2
Let s(t) = -t**3 + 6*t**2 - 5*t - 3. Let v be s(5). Let m(u) be the first derivative of -u**4/4 - u**3/3 + 3*u**2/2 - u - 25. What is the units digit of m(v)?
8
Let c be 3/(3 + 28/(-8)). Let s(x) = 5*x - 4*x + 1 - 2*x. What is the units digit of s(c)?
7
Suppose -p + 10 = -6*p. Let o be 7 + (2/p - 1). Let a = o + -3. What is the units digit of a?
2
Let x(f) = -f**3 + f**2 + f + 22. Suppose -p - p = 0. What is the units digit of x(p)?
2
Suppose -2*v - 3*v = -4*i + 135, -3*v = -i + 32. Let f = i - 20. What is the tens digit of f?
1
Let v = 10 + -13. What is the units digit of (-75)/10*4/v?
0
Let u(o) = o - 4. Let h be u(3). Let s be (1/2)/(h/(-58)). Suppose -11 = -5*p + s. What is the units digit of p?
8
Let u = 10 - 7. Suppose d - u*d = 0. Suppose -5*q - 4*x + 5 = -d, -5*q + x = -30. What is the units digit of q?
5
Suppose -4*c + 0*c = -68. What is the tens digit of c?
1
Suppose 0 = -4*y + 8 + 132. What is the tens digit of y?
3
Let y(p) be the second derivative of -4*p**3/3 + 7*p**2/2 - 2*p. Let r(u) = 23*u - 20. Let f(d) = 6*r(d) + 17*y(d). What is the units digit of f(2)?
3
Let q(a) = a**3 - 8*a**2 + 8*a + 9. Let r be q(7). What is the tens digit of (-99)/6*r/(-12)?
2
Let x = -9 - -20. Let p(l) = -l + 15. Let a be p(x). Suppose -i = 4*h - 64, 0*i + 5*i - 80 = -a*h. What is the tens digit of h?
1
Let s = 78 + -44. What is the tens digit of s?
3
Let k be (-204)/(-16)*(-16)/(-6). Let z = 63 - k. What is the tens digit of z?
2
Suppose 5*i = -3*d - 7, -i = 2*i + 4*d + 13. Let a = i - -6. What is the units digit of a?
7
Suppose -n + 6*n - 20 = 0. Let d(a) = -a + 8. Let o be d(4). Suppose 4*k + o*s - n = 16, 3*k = 2*s + 5. What is the units digit of k?
3
Let u = -88 - -256. What is the hundreds digit of u?
1
Let o(p) = 49*p - 3. Let c be o(6). Suppose 4*g + 51 - c = 0. Suppose -3*d = 0, -d + 6*d - g = -5*v. What is the tens digit of v?
1
Let r be (-2 - (-21)/6)*2. Suppose w = -r*w - 2*k + 54, -2*w = 4*k - 36. What is the tens digit of w?
1
Suppose 0 = -h + 4*m + 29, 33 + 123 = 4*h + 4*m. What is the units digit of h?
7
Let v(m) = -m - 2. Let b be v(-5). Suppose 5*w + 5*c - 62 = 68, -86 = -b*w + c. What is the tens digit of w?
2
Let p(l) = 1 - l**2 + 4 + 4*l + 2. Let r be p(6). Let a(y) = -y**3 - 5*y**2 - y + 1. What is the units digit of a(r)?
6
Suppose -z = -11 - 3. What is the units digit of (-6)/(-4) - z/(-4)?
5
Suppose -6*w - 3*w = -315. What is the tens digit of w?
3
Let v(c) = c**2 - 3*c + 3. Let i be v(4). Suppose 9 = -4*z - i, 2*z = -f - 6. What is the units digit of -8*(f - 4 - -1)?
8
Suppose 3*d + 4*a - 91 = 0, 4*d - 161 = -2*a - 53. What is the units digit of d?
5
Let o be 1/(-3) + 7/3. Suppose 7 = d + 2, o*u - 5*d = -19. Suppose -2*q - p + 2 = -u, p = 3*q - 20. What is the units digit of q?
5
Suppose 30 = 3*f + 3*b, 0 = -3*f + 4*b - 1 + 3. What is the units digit of f?
6
Suppose 0 = -y + 7 - 3. Let t = -1 + y. What is the units digit of t?
3
Suppose 46*b + 636 = 52*b. What is the hundreds digit of b?
1
Suppose -2*p = p - 12. Suppose 2*b = b - p. What is the units digit of 2*-1 + (-20)/b?
3
Suppose -2*d - 46 + 127 = o, o - 3*d = 101. What is the units digit of o?
9
Let j(g) = 10*g**2 + g + 14. What is the tens digit of j(-6)?
6
What is the units digit of 3/(-4 - 4235/(-1055))?
1
Let l(i) = i**2 + 3*i - 1. Let d be l(-4). Suppose -d*j - 14 = -4*j. What is the units digit of j?
4
Let c(p) = -19*p**3 + p. Let w be (1 + -3 - -4) + -3. What is the units digit of c(w)?
8
Let v(d) = 3*d + 7 - 3*d + 0*d - 2*d. What is the units digit of v(-9)?
5
Let g(f) = -f**3 + 7*f**2 - f - 6. Let s be g(6). What is the units digit of 400/s - 2/3?
6
Let f = -26 + 72. What is the tens digit of f?
4
Suppose 5*z - 128 = z. What is the tens digit of z?
3
Let x be (-3)/2 - 3/(-2). Suppose x = -2*s - s + 69. What is the tens digit of s?
2
Let m(g) be the second derivative of -g**5/10 + g**4/4 - g**2 + 2*g. Let h be m(2). What is the units digit of 3*(-2)/h*3?
3
Let d = -18 - -13. Let c = 2 - d. Let u(x) = x**2 - 5*x - 10. What is the units digit of u(c)?
4
Let y = -44 + 68. Let x be 100/(-6)*y/20. Let s = -5 - x. What is the units digit of s?
5
Let s be ((-4)/(-2))/(1/(-3)). Let i(f) = -f - 7 - 4 + 6. What is the units digit of i(s)?
1
Let v(c) be the second derivative of c**5/12 + c**4/24 + c**3/6 + 2*c. Let i(y) be the second derivative of v(y). What is the units digit of i(1)?
1
Let n = 29 - 9. What is the tens digit of n?
2
Suppose -2*f + 61 = -15. What is the units digit of f?
8
Suppose 3*j - 40 - 19 = -a, 3*a - 3*j - 129 = 0. Let g = 79 - a. What is the tens digit of g?
3
Suppose p - 14 = -4*k + 70, 4*p - 294 = 5*k. What is the units digit of p?
6
Let f be 252/14 - -1*4. Let u = f + -13. What is the units digit of u?
9
Let r = -4 + 10. What is the units digit of r?
6
Let g be (454/4)/((-8)/(-16)). What is the tens digit of (-2)/5 + g/5?
4
Suppose -3*a - 3*r - 6 = 0, 2*a - 5*r - 37 = -2*a. Suppose -a*j + 6 = 3*h, 5*h = -0*h - 15. What is the units digit of j?
5
Suppose 6*w = w. Suppose 4*l + w*l - 56 = 0. What is the tens digit of l?
1
Let b(w) be the second derivative of -w**4/12 + 2*w**3/3 + 7*w**2/2 - w. Let v be (0 - (-1 - -2))*-5. What is the units digit of b(v)?
2
Let m(g) be the first derivative of g**3/3 + 2*g**2 - 3*g + 2. Let y be m(-5). Suppose 10 = -0*j + y*j. What is the units digit of j?
5
Let l(a) be the first derivative of a**6/180 + a**4/12 + a**3 + 1. Let i(g) be the third derivative of l(g). What is the units digit of i(-2)?
0
Let r = 0 + -6. What is the units digit of (-68)/r + (-4)/(-6)?
2
Let a(t) = t**3 + 5*t**2 - 4*t + 2. What is the units digit of a(3)?
2
Let q = 1 + -3. Let z(a) = -3*a**3 + 3*a**2 + 4*a + 2. What is the units digit of z(q)?
0
Suppose -3*o = 15 + 9. Let v be (o - -4)/(1/(-1)). Let a(h) = 3*h - 2. What is the units digit of a(v)?
0
Suppose -2*w = -2*h + 3*w + 51, -4*w = -h + 33. What is the units digit of h?
3
Let o = 45 - 19. What is the units digit of o?
6
Suppose -14 = -3*c + 187. What is the tens digit of c?
6
Let y(p) = p**2 - p - 2. Suppose 0 = 2*a - 1 - 7. Let n be y(a). Suppose -g = g - n. What is the units digit of g?
5
Let w be ((-6)/9)/((-1)/18). Suppose -4*u + u + w = 0, -3*h + 2*u = 8. Suppose h = -o + 2 + 7. What is the units digit of o?
9
Let a(t) = -3*t - t + 3*t - 3. Let i be a(-7). Suppose -12 = -i*n + 24. What is the units digit of n?
9
What is the hundreds digit of (7 + -8)*(-1 + -138)?
1
Suppose 3 = 3*r - 42. What is the tens digit of r?
1
Let k(g) be the first derivative of -g**3/3 - 13*g**2/2 + 15*g + 7. What is the units digit of k(-11)?
7
Suppose 0 = -3*d - 0*v + 2*v - 22, -5*d - 5*v + 5 = 0. Let z = -4 - d. Let w(b) = -b**3 - b + 3. What is the units digit of w(z)?
3
Suppose 2 = -2*x + 2*p + 4, x + p = 11. What is the units digit of x?
6
Suppose -4*f = -2*f + 2. Let k(m) = -12*m - 2. What is the units digit of k(f)?
0
Let t be 1 + (3 + -3 - -3). Suppose 4*n - 2*h = 118, 0*n - t*n - 3*h = -133. What is the tens digit of n?
3
Let j = 123 + -88. What is the units digit of j?
5
Suppose -3*i = -0*i - 6. Suppose -28 = -2*h - 5*p, 2*h - i*p = 11 + 17. Let n = h - 1. What is the tens digit of n?
1
Suppose i = -2*i + 84. Suppose -o = o - i. What is the tens digit of o?
1
Let h be (-2 + -1)/(12/16). What is the units digit of (-1)/h - (-15)/4?
4
Suppose 14 = 4*d + 38. What is the units digit of (-1)/((-3)/d*-1)?
2
Suppose 5*n = 3*i + 3*n + 141